5
Calculate -7 + 8 - (-2 + 3).
0
Evaluate -8 - (-1 - (4 + -5 + 7)).
-1
Calculate 0 - -2 - 8 - (0 + -1).
-5
What is the value of -4 + 3 - (-5 - -5)?
-1
Calculate (5 - 1) + (-47 - -46).
3
What is (7 - 1) + (51 - 67) - -3?
-7
-9 - (-1 - (-8 + 10))
-6
-8 + (0 - -14) - 6
0
What is the value of (-17 - -28) + -5 + -2 + 1?
5
What is -15 + 3 + 3 - -10?
1
Calculate 1 - (2 + -2 + 0).
1
Calculate (12 - 3) + -7 - 7.
-5
Evaluate 68 + -57 - (4 - -1).
6
Evaluate (-12 - -11) + (-3 - -1 - 0).
-3
Calculate 0 + 7 - (10 + 23 + -18).
-8
Calculate (4 + -3 - 9) + 14.
6
0 - -9 - (23 + -5)
-9
0 + (-2 - 3) + 5
0
11 + -7 + -4 + 0 + 8
8
Calculate 2 + -5 - (0 + -1) - 0.
-2
What is 1 - -2 - (-12 - -18)?
-3
What is 0 + 6 + (-36 - -32)?
2
What is 1 + (5 - 4) - -3?
5
Evaluate -3 + 0 + (-4 + 9 - 4).
-2
What is 1 - (-1 + -2 + 6)?
-2
What is 0 + (1 + 1 + -1 - 0)?
1
Evaluate -4 + (5 - (-4 - -6)).
-1
Calculate 7 + -11 + 3 + 3 - 13.
-11
What is 3 - (-7 - -3 - -2)?
5
What is the value of 14 + -3 + -4 + 3 + -2?
8
Evaluate -4 - (-10 + 6 - -3 - -2).
-5
What is (2 - 4) + -1 + 4?
1
Calculate -2 + (5 - -5) - (-2 - -1).
9
-4 + 0 + 1 + -1
-4
What is 3 + -26 + 7 + 9 + -2?
-9
Evaluate 4 + (-8 + 2 - -5) + 3.
6
What is 6 + (-6 - -2) + -26 + 30?
6
What is (-9 - 0 - -6) + (-1 - -3)?
-1
Evaluate 18 + -8 + 4 - 3.
11
Evaluate 1 - 1 - -3 - (-2 + 1).
4
What is -1 - 7 - (0 - 2)?
-6
Evaluate (-2 - (2 - 5)) + 1 + -1.
1
Evaluate (2 - 2) + 9 + -23 + 10.
-4
Calculate -5 + -1 + (3 - (-12 - -17)).
-8
What is the value of 2 + (-3 - (3 + (-13 - -4)))?
5
What is 1 - ((-4 - -6) + (-4 - -9))?
-6
5 + (-5 + 8 - 10) + 6
4
(-2 + 5 - -3) + (0 - 0)
6
What is (0 - 3) + (-2 - -5)?
0
What is 0 + (-4 - (-6 - -3))?
-1
Calculate -2 - -3 - (-1 + 1 - 1).
2
Evaluate 7 + (-4 - -1 - 5).
-1
What is the value of -9 + 19 + -10 + -5 + -1?
-6
Calculate 1 - 14 - (-248 - -234).
1
What is 1 + (0 - (2 - 2 - 0))?
1
What is the value of (-4 - -4) + -4 - 1?
-5
What is (-12 - -1) + -200 + 214?
3
(9 - (4 + 7)) + 8
6
What is the value of -71 + 81 + -6 + -1?
3
(-4 - (-3 + (-9 - -4))) + -5
-1
-3 + 3 + (2 - (2 + -4))
4
Evaluate 1 + 4 - (-6 - (7 - 14)).
4
What is -8 - ((-2 - 3) + 1)?
-4
What is the value of 9 + -7 + -10 - -8?
0
Evaluate 1 + 6 + 0 + -2 + -2.
3
Calculate (-7 - (-2 - 3)) + 2 - 4.
-4
What is (-39 - -44) + 0 + -2?
3
3 + (1 - 0) + -1 - -2
5
What is (-14 - -2) + (31 - 25)?
-6
What is the value of -3 - (5 - (-3 + 6))?
-5
Evaluate (7 - 12 - (-1 - -4)) + -3.
-11
What is 0 + 8 - (3 + 0)?
5
Evaluate -4 + -2 + (7 - (-1 + 3)).
-1
Evaluate 2 - (-1 + (-4 - -4)).
3
What is the value of -4 - -1 - (13 + -13)?
-3
3 + (2 - (0 - (-2 - 5)))
-2
Evaluate -2 + (-1 - (-12 + 2)).
7
(3 - 24) + (8 - -3)
-10
6 + -10 + -2 + 1
-5
Calculate 1 + (-4 - -7) - 3.
1
Evaluate 7 - (-4 + -1 + 2 - -9).
1
What is the value of -16 + 25 + (-2 - 2)?
5
What is 8 + -2 + (-12 - -10)?
4
Calculate (11 + -4 - -2) + -9.
0
What is the value of 0 - (-11 + 0 + 4)?
7
Evaluate (1 - (0 - 2)) + -3 + -1.
-1
(-5 - (-3 + 1)) + (-12 - -10)
-5
What is the value of (2 - (0 + 0)) + (19 - 22)?
-1
-1 + 1 + -2 - (-25 + 21)
2
What is the value of (0 - -1) + (-2 - -3 - -2)?
4
Evaluate -13 + 18 + 1 + -14.
-8
Calculate 0 - (3 - 5 - -4).
-2
Evaluate 10 + 0 - (-27 + 31) - 3.
3
Evaluate 7 - -3 - 2 - 14.
-6
Calculate (-3 - (-1 + -7)) + 1.
6
Calculate (-6 - -5 - -1) + -4.
-4
Evaluate -3 + -6 + -2 + 6.
-5
What is the value of (0 - (9 + 5)) + 5?
-9
What is the value of (-2 + -1 - 1) + (-51 - -53)?
-2
What is the value of 0 - (-1 + 6) - (-81 - -73)?
3
What is 1 + -1 - (-4 + -1 - -2)?
3
Evaluate 4 - (16 - ((0 - 0) + 6)).
-6
-2 - (1 - (3 + 1) - -3)
-2
Calculate 3 + 3 - 10 - (0 - 7).
3
What is 1 - ((2 - 6 - -3) + 2)?
0
(-6 - -14) + 4 - 10
2
What is the value of (-1 + 7 - 5) + 5 - 11?
-5
What is the value of -6 + -4 + 14 + -1?
3
What is the value of (-3 - (-5 + -3)) + -4?
1
Evaluate 4 + -1 + -4 + 3.
2
Calculate 1 + (3 - (3 + -2)) + -5.
-2
(-8 - -4) + 4 + 4
4
What is the value of 0 + -3 + (1 - -5)?
3
What is 3 - (24 + -12 - 3)?
-6
Evaluate 1 - (18 - 5) - -9.
-3
What is -69 + 79 + -2 + 1 + -3?
6
-7 + 4 + (-2 - 0) + 0
-5
What is the value of -1 - 0 - (-5 - -9)?
-5
Calculate (-2 - 1) + (2 - -4) + -1.
2
Evaluate 5 - (-6 - (5 + -14)).
2
Calculate 14 + -3 + -34 + 25.
2
What is 10 + 4 + -10 + -10?
-6
(6 - 12) + 5 - -1
0
Calculate (1 - 10) + 3 + 10.
4
3 + 0 + 0 + -3
0
What is 5 + (12 + -6 - 11)?
0
Calculate (1 - (-11 + -1 + 0)) + -7.
6
-2 - ((-3 - -2) + (0 - -3))
-4
What is the value of -3 - 1 - 0 - (-2 - -1)?
-3
What is 7 + (20 + -11 - 11)?
5
What is the value of 5 + -1 - (9 - 5)?
0
What is the value of 3 + -10 - (17 - 18)?
-6
Evaluate (-23 - -13 - -14) + (1 - 3).
2
Evaluate 26 + -31 - (0 - 0).
-5
Evaluate (-1 - 1) + 7 - 5.
0
Calculate 4 + (-2 - 3) - -5.
4
(13 - -1) + -11 + 1 + 5
9
What is 5 - (-2 + 1 + 2 + -3)?
7
Calculate 4 - (3 - (4 - 3)).
2
Evaluate -2 - (-5 - 0 - -5) - -3.
1
What is -7 + 5 + 5 - (-2 + -1)?
6
Calculate -8 + 1 + 13 + -15 + 15.
6
What is the value of (1 + 1 - -2) + 6 + -4?
6
Evaluate 8 - (1 - (-11 - -6)).
2
0 + -19 + 4 + 2 + 2
-11
-5 - (3 - (0 + 15 - 3))
4
3 + -8 + 2 + 3
0
120 - 112 - (0 - -18)
-10
What is the value of -9 + -3 + 0 + 0 + 7?
-5
What is -4 + 0 + 5 - (-4 + 1)?
4
What is the value of 2 + 3 + -9 - -2?
-2
Calculate 1 + -4 + (4 - -1).
2
What is the value of -8 + 13 + (-4 - -4 - -4)?
9
Calculate (-2 - -3) + -2 - 3.
-4
(4 - (3 - -2)) + (10 - 17)
-8
What is 5 + (-5 - (-6 + 5 - 1))?
2
What is the value of -28 + 28 + 0 + (-2 - -1)?
-1
What is the value of -2 - (-10 + 1 + -6 + 10)?
3
What is the value of (4 - 8) + (3 - -4)?
3
What is the value of 3 + -1 + 5 + -2?
5
Calculate 3 - (3 + -3 - (-2 - -2)).
3
What is the value of 7 + -14 + 2 - (-1 + 1)?
-5
-1 - (4 + (2 - 3))
-4
What is 1 + (0 - (2 + (-3 - 3)))?
5
Evaluate 1 + 1 + (0 - 5).
-3
What is -2 + 1 + (-5 - -5)?
-1
What is the value of -7 + 1 + 5 + 1?
0
Calculate -3 + (0 - (-2 - (6 + -4))).
1
What is the value of -1 - (-2 + (8 - (-2 - -4)))?
-5
Calculate -8 - -17 - (2 + 14).
-7
-1 + 0 - (-4 + 8 + -1)
-4
Calculate (1 - 7) + (18 - (20 + -7)).
-1
What is the value of (-4 - 1) + (1 - -4)?
0
Calculate 1 - 4 - (-6 - -3).
0
What is 283 - 287 - ((-1 - -2) + -6)?
1
What is 35 + -40 + 11 + (0 - -1)?
7
What is the value of -6 + (2 - (-1 + -1))?
-2
Evaluate 0 - 5 - (-33 + 35).
-7
Evaluate (-4 - -3 - 5) + 3 + -1.
-4
What is the value of 1 - -2 - (12 + -24 - -11)?
4
What is the value of 3 + 2 + -3 + (-1 - 1)?
0
Evaluate -26 + 24 + -1 + 1.
-2
What is the value of -6 - -3 - -4 - 8?
-7
What is the value of -3 - 0 - (8 - 5 - 7)?
1
Evaluate (-2 - 0) + (1 - 1 - -4).
2
Calculate 2 + -4 - (2 + -5 + 5).
-4
Evaluate 4 + (-9 - -11) + 0.
6
Evaluate 6 - -6 - 2 - 8.
2
What is the value of 2 + 0 - 6 - (1 + -10)?
5
What is -3 + -2 + 2 - (2 + -3)?
-2
What is the value of -1 - (-1 + -1 - 2)?
3
What is the value of -17 + 19 + (2 - -3)?
7
Evaluate -11 - (26 + -18 - (15 + 1)).
-3
(6 - (-6 - -11)) + 1
2
Evaluate (-4 + 6 + 0 - 3) + -4.
-5
-5 + (0 - -4) + 0
-1
Calculate 0 + 5 + (1 - 6).
0
1 - ((-3 - -7) + 1 + -1)
-3
What is (-12 - -17) + (-8 - -8)?
5
-17 + 17 - ((-2 - 1) + 2)
1
Evaluate (9 - 2) + -1 + -3.
3
Evaluate -23 + 6 - -13 - (-7 + 1).
2
What is the value of 3 - (11 + -5) - -3?
0
What is -4 + -3 - 0 - -2?
-5
Evaluate 10 + 0 + 13 + -19.
4
What is 3 + -6 + -5 + 4?
-4
What is the value of 2 + -2 + -2 + -1?
-3
6 + -18 + 5 + 0 + 4
-3
Evaluate (0 - -3) + -1 + -3 + 4.
3
What is the value of 4 + 1 + 1 + -8?
-2
Calculate 1 + 2 + (2 - (-1 + 2)).
4
Calculate -5 + 4 + -3 + -1.
-5
-22 + 14 - (-2 - 5)
-1
Evaluate 7 - (-2 - (-1 - 12)).
-4
Evaluate -3 + -2 + 8 - 1.
2
Calculate -8 + 1 - -18 - 4.
7
What is the value of -10 + (16 - (8 + 1))?
-3
Evaluate (-3 - 4) + -1 - -2.
-6
What is 9 + -1 - (1 + 10)?
-3
What is (-1 - (-3 + 3)) + 7 + -1?
5
Evaluate -101 - -93 - (-3 + (-1 - 0)).
-4
Evaluate 5 - 5 - (-1 + (-1 - -6)).
-4
Calculate 1 + -1 + (1 - 1) + -4.
-4
What is the value of -2 - -5 - (-1 + -5 - -8)?
1
What is the value of 6 + -2 - (-4 - (-8 - 9))?
-9
0 - (0 - 0 - -4)
-4
What is -8 + (8 - 9) - -4?
-5
What is the value of (1 - (5 + -1)) + -16 + 19?
0
Evaluate (-9 - -10 - 0) + -2 + 1.
0
Evaluate (29 - 19) + -7 + 1.
4
Calculate -2 + 0 + 1 + 0 - 2.
-3
Calculate -1 - (0 + -3 + 5) - -3.
0
Calculate 5 - (11 + -1 + 1) - -4.
-2
Calculate -2 + (4 - 4 - -2).
0
What is -18 - -15 - (1 + -1)?
-3
What is -5 + 4 + (